{"id":155,"date":"2024-06-21T16:13:45","date_gmt":"2024-06-21T14:13:45","guid":{"rendered":"https:\/\/laurefuric.com\/?page_id=155"},"modified":"2025-10-03T10:25:05","modified_gmt":"2025-10-03T08:25:05","slug":"contact","status":"publish","type":"page","link":"https:\/\/laurefuric.com\/index.php\/contact\/","title":{"rendered":"Contact"},"content":{"rendered":"\t\t<div data-elementor-type=\"wp-page\" data-elementor-id=\"155\" class=\"elementor elementor-155\">\n\t\t\t\t<div class=\"elementor-element elementor-element-613660b e-flex e-con-boxed e-con e-parent\" data-id=\"613660b\" data-element_type=\"container\" data-e-type=\"container\">\n\t\t\t\t\t<div class=\"e-con-inner\">\n\t\t<div class=\"elementor-element elementor-element-f00b5a1 e-con-full e-flex e-con e-child\" data-id=\"f00b5a1\" data-element_type=\"container\" data-e-type=\"container\">\n\t\t\t\t<div class=\"elementor-element elementor-element-7940ff3 elementor-widget elementor-widget-text-editor\" data-id=\"7940ff3\" data-element_type=\"widget\" data-e-type=\"widget\" data-widget_type=\"text-editor.default\">\n\t\t\t\t<div class=\"elementor-widget-container\">\n\t\t\t\t\t\t\t\t\t<p><span style=\"color: #000000;\"><strong>Laure Furic<\/strong><\/span><br \/><span style=\"color: #000000;\">T\u00e9l\u00e9phone : 06.85.83.43.46<\/span><br \/><span style=\"color: #000000;\"><a style=\"color: #000000;\" href=\"mailto:laure.furic@outlook.com\">laure.furic@outlook.com<\/a><\/span><\/p>\t\t\t\t\t\t\t\t<\/div>\n\t\t\t\t<\/div>\n\t\t<div class=\"elementor-element elementor-element-86b02a8 e-con-full e-flex e-con e-child\" data-id=\"86b02a8\" data-element_type=\"container\" data-e-type=\"container\">\n\t\t\t\t<div class=\"elementor-element elementor-element-f6e745a elementor-shape-circle e-grid-align-left elementor-grid-0 elementor-widget elementor-widget-social-icons\" data-id=\"f6e745a\" data-element_type=\"widget\" data-e-type=\"widget\" data-widget_type=\"social-icons.default\">\n\t\t\t\t<div class=\"elementor-widget-container\">\n\t\t\t\t\t\t\t<div class=\"elementor-social-icons-wrapper elementor-grid\" role=\"list\">\n\t\t\t\t\t\t\t<span class=\"elementor-grid-item\" role=\"listitem\">\n\t\t\t\t\t<a class=\"elementor-icon elementor-social-icon elementor-social-icon-linkedin elementor-animation-grow elementor-repeater-item-c196b5b\" href=\"https:\/\/www.linkedin.com\/in\/laure-furic-786a79188\/\" target=\"_blank\">\n\t\t\t\t\t\t<span class=\"elementor-screen-only\">Linkedin<\/span>\n\t\t\t\t\t\t<svg aria-hidden=\"true\" class=\"e-font-icon-svg e-fab-linkedin\" viewBox=\"0 0 448 512\" xmlns=\"http:\/\/www.w3.org\/2000\/svg\"><path d=\"M416 32H31.9C14.3 32 0 46.5 0 64.3v383.4C0 465.5 14.3 480 31.9 480H416c17.6 0 32-14.5 32-32.3V64.3c0-17.8-14.4-32.3-32-32.3zM135.4 416H69V202.2h66.5V416zm-33.2-243c-21.3 0-38.5-17.3-38.5-38.5S80.9 96 102.2 96c21.2 0 38.5 17.3 38.5 38.5 0 21.3-17.2 38.5-38.5 38.5zm282.1 243h-66.4V312c0-24.8-.5-56.7-34.5-56.7-34.6 0-39.9 27-39.9 54.9V416h-66.4V202.2h63.7v29.2h.9c8.9-16.8 30.6-34.5 62.9-34.5 67.2 0 79.7 44.3 79.7 101.9V416z\"><\/path><\/svg>\t\t\t\t\t<\/a>\n\t\t\t\t<\/span>\n\t\t\t\t\t\t\t<span class=\"elementor-grid-item\" role=\"listitem\">\n\t\t\t\t\t<a class=\"elementor-icon elementor-social-icon elementor-social-icon-instagram elementor-animation-grow elementor-repeater-item-cf740cd\" href=\"https:\/\/www.instagram.com\/laurefuric_pm\/\" target=\"_blank\">\n\t\t\t\t\t\t<span class=\"elementor-screen-only\">Instagram<\/span>\n\t\t\t\t\t\t<svg aria-hidden=\"true\" class=\"e-font-icon-svg e-fab-instagram\" viewBox=\"0 0 448 512\" xmlns=\"http:\/\/www.w3.org\/2000\/svg\"><path d=\"M224.1 141c-63.6 0-114.9 51.3-114.9 114.9s51.3 114.9 114.9 114.9S339 319.5 339 255.9 287.7 141 224.1 141zm0 189.6c-41.1 0-74.7-33.5-74.7-74.7s33.5-74.7 74.7-74.7 74.7 33.5 74.7 74.7-33.6 74.7-74.7 74.7zm146.4-194.3c0 14.9-12 26.8-26.8 26.8-14.9 0-26.8-12-26.8-26.8s12-26.8 26.8-26.8 26.8 12 26.8 26.8zm76.1 27.2c-1.7-35.9-9.9-67.7-36.2-93.9-26.2-26.2-58-34.4-93.9-36.2-37-2.1-147.9-2.1-184.9 0-35.8 1.7-67.6 9.9-93.9 36.1s-34.4 58-36.2 93.9c-2.1 37-2.1 147.9 0 184.9 1.7 35.9 9.9 67.7 36.2 93.9s58 34.4 93.9 36.2c37 2.1 147.9 2.1 184.9 0 35.9-1.7 67.7-9.9 93.9-36.2 26.2-26.2 34.4-58 36.2-93.9 2.1-37 2.1-147.8 0-184.8zM398.8 388c-7.8 19.6-22.9 34.7-42.6 42.6-29.5 11.7-99.5 9-132.1 9s-102.7 2.6-132.1-9c-19.6-7.8-34.7-22.9-42.6-42.6-11.7-29.5-9-99.5-9-132.1s-2.6-102.7 9-132.1c7.8-19.6 22.9-34.7 42.6-42.6 29.5-11.7 99.5-9 132.1-9s102.7-2.6 132.1 9c19.6 7.8 34.7 22.9 42.6 42.6 11.7 29.5 9 99.5 9 132.1s2.7 102.7-9 132.1z\"><\/path><\/svg>\t\t\t\t\t<\/a>\n\t\t\t\t<\/span>\n\t\t\t\t\t\t\t<span class=\"elementor-grid-item\" role=\"listitem\">\n\t\t\t\t\t<a class=\"elementor-icon elementor-social-icon elementor-social-icon-envelope elementor-animation-grow elementor-repeater-item-283789c\" href=\"http:\/\/laure.furic@outlook.com\" target=\"_blank\">\n\t\t\t\t\t\t<span class=\"elementor-screen-only\">Envelope<\/span>\n\t\t\t\t\t\t<svg aria-hidden=\"true\" class=\"e-font-icon-svg e-fas-envelope\" viewBox=\"0 0 512 512\" xmlns=\"http:\/\/www.w3.org\/2000\/svg\"><path d=\"M502.3 190.8c3.9-3.1 9.7-.2 9.7 4.7V400c0 26.5-21.5 48-48 48H48c-26.5 0-48-21.5-48-48V195.6c0-5 5.7-7.8 9.7-4.7 22.4 17.4 52.1 39.5 154.1 113.6 21.1 15.4 56.7 47.8 92.2 47.6 35.7.3 72-32.8 92.3-47.6 102-74.1 131.6-96.3 154-113.7zM256 320c23.2.4 56.6-29.2 73.4-41.4 132.7-96.3 142.8-104.7 173.4-128.7 5.8-4.5 9.2-11.5 9.2-18.9v-19c0-26.5-21.5-48-48-48H48C21.5 64 0 85.5 0 112v19c0 7.4 3.4 14.3 9.2 18.9 30.6 23.9 40.7 32.4 173.4 128.7 16.8 12.2 50.2 41.8 73.4 41.4z\"><\/path><\/svg>\t\t\t\t\t<\/a>\n\t\t\t\t<\/span>\n\t\t\t\t\t<\/div>\n\t\t\t\t\t\t<\/div>\n\t\t\t\t<\/div>\n\t\t\t\t<\/div>\n\t\t\t\t<\/div>\n\t\t<div class=\"elementor-element elementor-element-96df2c0 e-con-full e-flex e-con e-child\" data-id=\"96df2c0\" data-element_type=\"container\" data-e-type=\"container\">\n\t\t<div class=\"elementor-element elementor-element-524f886 e-con-full e-flex e-con e-child\" data-id=\"524f886\" data-element_type=\"container\" data-e-type=\"container\">\n\t\t\t\t<div class=\"elementor-element elementor-element-c8566dd elementor-widget elementor-widget-image\" data-id=\"c8566dd\" data-element_type=\"widget\" data-e-type=\"widget\" data-widget_type=\"image.default\">\n\t\t\t\t<div class=\"elementor-widget-container\">\n\t\t\t\t\t\t\t\t\t\t\t\t\t\t\t<img decoding=\"async\" src=\"https:\/\/laurefuric.com\/wp-content\/uploads\/2024\/08\/0115_N_B__18__WEB-e1732565913209.jpg\" title=\"0115_N_B__18__WEB\" alt=\"0115_N_B__18__WEB\" loading=\"lazy\" \/>\t\t\t\t\t\t\t\t\t\t\t\t\t\t\t<\/div>\n\t\t\t\t<\/div>\n\t\t\t\t<\/div>\n\t\t\t\t<\/div>\n\t\t\t\t\t<\/div>\n\t\t\t\t<\/div>\n\t\t<div class=\"elementor-element elementor-element-5f777fc e-flex e-con-boxed e-con e-parent\" data-id=\"5f777fc\" data-element_type=\"container\" data-e-type=\"container\">\n\t\t\t\t\t<div class=\"e-con-inner\">\n\t\t\t\t<div class=\"elementor-element elementor-element-c246637 elementor-widget elementor-widget-text-editor\" data-id=\"c246637\" data-element_type=\"widget\" data-e-type=\"widget\" data-widget_type=\"text-editor.default\">\n\t\t\t\t<div class=\"elementor-widget-container\">\n\t\t\t\t\t\t\t\t\t<p><span style=\"color: #000000;\"><b>Vous avez une question ? Vous souhaitez me parler de votre projet ou celui de votre enfant ?<\/b><\/span><\/p><p><span style=\"color: #000000;\"><span style=\"font-size: 14px; letter-spacing: 0px; text-align: var(--text-align);\">N<\/span><span style=\"font-size: 14px; letter-spacing: 0px; text-align: var(--text-align);\">&lsquo;h\u00e9sitez pas \u00e0 me contacter via le formulaire ci-dessous ou directement par mail.\u00a0<\/span><span style=\"font-size: 14px; letter-spacing: 0px; text-align: var(--text-align);\">Je me ferai un plaisir de vous r\u00e9pondre et de vous proposer un premier \u00e9change t\u00e9l\u00e9phonique offert. Une occasion de faire connaissance, d&rsquo;\u00e9changer sur votre demande, r\u00e9pondre \u00e0 vos questions et d&rsquo;\u00e9valuer si je suis la bonne personne pour vous accompagner.\u00a0<\/span><\/span><\/p>\t\t\t\t\t\t\t\t<\/div>\n\t\t\t\t<\/div>\n\t\t\t\t\t<\/div>\n\t\t\t\t<\/div>\n\t\t<div class=\"elementor-element elementor-element-d693d29 e-flex e-con-boxed e-con e-parent\" data-id=\"d693d29\" data-element_type=\"container\" data-e-type=\"container\">\n\t\t\t\t\t<div class=\"e-con-inner\">\n\t\t\t\t<div class=\"elementor-element elementor-element-af1779c elementor-widget-divider--view-line_text elementor-widget-divider--element-align-center elementor-widget elementor-widget-divider\" data-id=\"af1779c\" data-element_type=\"widget\" data-e-type=\"widget\" data-widget_type=\"divider.default\">\n\t\t\t\t<div class=\"elementor-widget-container\">\n\t\t\t\t\t\t\t<div class=\"elementor-divider\">\n\t\t\t<span class=\"elementor-divider-separator\">\n\t\t\t\t\t\t\t<span class=\"elementor-divider__text elementor-divider__element\">\n\t\t\t\tFormulaire de contact\t\t\t\t<\/span>\n\t\t\t\t\t\t<\/span>\n\t\t<\/div>\n\t\t\t\t\t\t<\/div>\n\t\t\t\t<\/div>\n\t\t\t\t\t<\/div>\n\t\t\t\t<\/div>\n\t\t<div class=\"elementor-element elementor-element-bb19845 e-flex e-con-boxed e-con e-parent\" data-id=\"bb19845\" data-element_type=\"container\" data-e-type=\"container\">\n\t\t\t\t\t<div class=\"e-con-inner\">\n\t\t\t\t<div class=\"elementor-element elementor-element-acc5259 elementor-widget elementor-widget-wpforms\" data-id=\"acc5259\" data-element_type=\"widget\" data-e-type=\"widget\" data-widget_type=\"wpforms.default\">\n\t\t\t\t<div class=\"elementor-widget-container\">\n\t\t\t\t\t<style id=\"wpforms-css-vars-elementor-widget-acc5259\">\n\t\t\t\t.elementor-widget-wpforms.elementor-element-acc5259 {\n\t\t\t\t--wpforms-button-background-color: #00778B;\n--wpforms-button-size-font-size: 20px;\n--wpforms-button-size-height: 48px;\n--wpforms-button-size-padding-h: 20px;\n--wpforms-button-size-margin-top: 15px;\n\t\t\t}\n\t\t\t<\/style><div class=\"wpforms-container wpforms-container-full wpforms-render-modern\" id=\"wpforms-1892\"><form id=\"wpforms-form-1892\" class=\"wpforms-validate wpforms-form wpforms-ajax-form\" data-formid=\"1892\" method=\"post\" enctype=\"multipart\/form-data\" action=\"\/index.php\/wp-json\/wp\/v2\/pages\/155\" data-token=\"41772b852ccd65279642fea57fedd5c1\" data-token-time=\"1778070122\"><noscript class=\"wpforms-error-noscript\">Veuillez activer JavaScript dans votre navigateur pour remplir ce formulaire.<\/noscript><div id=\"wpforms-error-noscript\" style=\"display: none;\">Veuillez activer JavaScript dans votre navigateur pour remplir ce formulaire.<\/div><div class=\"wpforms-field-container\"><div id=\"wpforms-1892-field_1-container\" class=\"wpforms-field wpforms-field-name\" data-field-id=\"1\"><fieldset><legend class=\"wpforms-field-label\">Coordonn\u00e9es <span class=\"wpforms-required-label\" aria-hidden=\"true\">*<\/span><\/legend><div class=\"wpforms-field-row wpforms-field-medium\"><div class=\"wpforms-field-row-block wpforms-first wpforms-one-half\"><input type=\"text\" id=\"wpforms-1892-field_1\" class=\"wpforms-field-name-first wpforms-field-required\" name=\"wpforms[fields][1][first]\" aria-errormessage=\"wpforms-1892-field_1-error\" required><label for=\"wpforms-1892-field_1\" class=\"wpforms-field-sublabel after\">Pr\u00e9nom<\/label><\/div><div class=\"wpforms-field-row-block wpforms-one-half\"><input type=\"text\" id=\"wpforms-1892-field_1-last\" class=\"wpforms-field-name-last wpforms-field-required\" name=\"wpforms[fields][1][last]\" aria-errormessage=\"wpforms-1892-field_1-last-error\" required><label for=\"wpforms-1892-field_1-last\" class=\"wpforms-field-sublabel after\">Nom<\/label><\/div><\/div><\/fieldset><\/div><div id=\"wpforms-1892-field_2-container\" class=\"wpforms-field wpforms-field-email\" data-field-id=\"2\"><label class=\"wpforms-field-label\" for=\"wpforms-1892-field_2\">E-mail <span class=\"wpforms-required-label\" aria-hidden=\"true\">*<\/span><\/label><input type=\"email\" id=\"wpforms-1892-field_2\" class=\"wpforms-field-medium wpforms-field-required\" name=\"wpforms[fields][2]\" spellcheck=\"false\" aria-errormessage=\"wpforms-1892-field_2-error\" required><\/div><div id=\"wpforms-1892-field_8-container\" class=\"wpforms-field wpforms-field-number\" data-field-id=\"8\"><label class=\"wpforms-field-label\" for=\"wpforms-1892-field_8\">T\u00e9l\u00e9phone<\/label><input type=\"number\" id=\"wpforms-1892-field_8\" class=\"wpforms-field-small\" name=\"wpforms[fields][8]\" step=\"any\" aria-errormessage=\"wpforms-1892-field_8-error\" ><\/div>\t\t<div id=\"wpforms-1892-field_4-container\"\n\t\t\tclass=\"wpforms-field wpforms-field-text\"\n\t\t\tdata-field-type=\"text\"\n\t\t\tdata-field-id=\"4\"\n\t\t\t>\n\t\t\t<label class=\"wpforms-field-label\" for=\"wpforms-1892-field_4\" >E-mail RGPD Message<\/label>\n\t\t\t<input type=\"text\" id=\"wpforms-1892-field_4\" class=\"wpforms-field-medium\" name=\"wpforms[fields][4]\" >\n\t\t<\/div>\n\t\t<div id=\"wpforms-1892-field_3-container\" class=\"wpforms-field wpforms-field-textarea\" data-field-id=\"3\"><label class=\"wpforms-field-label\" for=\"wpforms-1892-field_3\">Message <span class=\"wpforms-required-label\" aria-hidden=\"true\">*<\/span><\/label><textarea id=\"wpforms-1892-field_3\" class=\"wpforms-field-medium wpforms-field-required\" name=\"wpforms[fields][3]\" aria-errormessage=\"wpforms-1892-field_3-error\" required><\/textarea><\/div><div id=\"wpforms-1892-field_5-container\" class=\"wpforms-field wpforms-field-checkbox\" data-field-id=\"5\"><fieldset><legend class=\"wpforms-field-label\">Accord RGPD <span class=\"wpforms-required-label\" aria-hidden=\"true\">*<\/span><\/legend><ul id=\"wpforms-1892-field_5\" class=\"wpforms-field-required\"><li class=\"choice-1 depth-1\"><input type=\"checkbox\" id=\"wpforms-1892-field_5_1\" name=\"wpforms[fields][5][]\" value=\"Je suis d&#039;accord pour que mes donn\u00e9es personnelles soient collect\u00e9es et utilis\u00e9es\" aria-errormessage=\"wpforms-1892-field_5_1-error\" aria-describedby=\"wpforms-1892-field_5-description\" required ><label class=\"wpforms-field-label-inline\" for=\"wpforms-1892-field_5_1\">Je suis d'accord pour que mes donn\u00e9es personnelles soient collect\u00e9es et utilis\u00e9es<\/label><\/li><\/ul><div id=\"wpforms-1892-field_5-description\" class=\"wpforms-field-description\">En cochant cette case et en soumettant ce formulaire, j'accepte que mes donn\u00e9es personnelles soient collect\u00e9es et utilis\u00e9es afin de r\u00e9pondre \u00e0 ma demande. Aucun autre traitement ne sera effectu\u00e9 avec mes informations personnelles.<\/div><\/fieldset><\/div><script>\n\t\t\t\t( function() {\n\t\t\t\t\tconst style = document.createElement( 'style' );\n\t\t\t\t\tstyle.appendChild( document.createTextNode( '#wpforms-1892-field_4-container { position: absolute !important; overflow: hidden !important; display: inline !important; height: 1px !important; width: 1px !important; z-index: -1000 !important; padding: 0 !important; } #wpforms-1892-field_4-container input { visibility: hidden; } #wpforms-conversational-form-page #wpforms-1892-field_4-container label { counter-increment: none; }' ) );\n\t\t\t\t\tdocument.head.appendChild( style );\n\t\t\t\t\tdocument.currentScript?.remove();\n\t\t\t\t} )();\n\t\t\t<\/script><\/div><!-- .wpforms-field-container --><div class=\"wpforms-submit-container\" ><input type=\"hidden\" name=\"wpforms[id]\" value=\"1892\"><input type=\"hidden\" name=\"page_title\" value=\"\"><input type=\"hidden\" name=\"page_url\" value=\"https:\/\/laurefuric.com\/index.php\/wp-json\/wp\/v2\/pages\/155\"><input type=\"hidden\" name=\"url_referer\" value=\"\"><button type=\"submit\" name=\"wpforms[submit]\" id=\"wpforms-submit-1892\" class=\"wpforms-submit\" data-alt-text=\"Envoi en cours\" data-submit-text=\"Envoyer\" aria-live=\"assertive\" value=\"wpforms-submit\">Envoyer<\/button><img decoding=\"async\" src=\"https:\/\/laurefuric.com\/wp-content\/plugins\/wpforms-lite\/assets\/images\/submit-spin.svg\" class=\"wpforms-submit-spinner\" style=\"display: none;\" width=\"26\" height=\"26\" alt=\"Chargement en cours\"><\/div><\/form><\/div>  <!-- .wpforms-container -->\t\t\t\t<\/div>\n\t\t\t\t<\/div>\n\t\t\t\t\t<\/div>\n\t\t\t\t<\/div>\n\t\t<div class=\"elementor-element elementor-element-a5bef98 e-flex e-con-boxed e-con e-parent\" data-id=\"a5bef98\" data-element_type=\"container\" data-e-type=\"container\">\n\t\t\t\t\t<div class=\"e-con-inner\">\n\t\t\t\t<div class=\"elementor-element elementor-element-4686f72 elementor-widget elementor-widget-text-editor\" data-id=\"4686f72\" data-element_type=\"widget\" data-e-type=\"widget\" data-widget_type=\"text-editor.default\">\n\t\t\t\t<div class=\"elementor-widget-container\">\n\t\t\t\t\t\t\t\t\t<p><em>Je vous r\u00e9ponds par mail sous 48h maximum apr\u00e8s la r\u00e9ception du formulaire. Si vous ne recevez pas de r\u00e9ponse dans ces d\u00e9lais, soit mon mail a \u00e9t\u00e9 dirig\u00e9 dans vos spams, soit je n&rsquo;ai malheureusement pas re\u00e7u le formulaire compl\u00e9t\u00e9. Je vous invite alors \u00e0 m&rsquo;envoyer un mail, ou \u00e0 m&rsquo;\u00e9crire un message priv\u00e9 sur mes r\u00e9seaux sociaux.<\/em><\/p>\t\t\t\t\t\t\t\t<\/div>\n\t\t\t\t<\/div>\n\t\t\t\t\t<\/div>\n\t\t\t\t<\/div>\n\t\t<div class=\"elementor-element elementor-element-e9020a9 e-flex e-con-boxed e-con e-parent\" data-id=\"e9020a9\" data-element_type=\"container\" data-e-type=\"container\">\n\t\t\t\t\t<div class=\"e-con-inner\">\n\t\t\t\t<div class=\"elementor-element elementor-element-21bc42f elementor-widget-divider--view-line_text elementor-widget-divider--element-align-center elementor-widget elementor-widget-divider\" data-id=\"21bc42f\" data-element_type=\"widget\" data-e-type=\"widget\" data-widget_type=\"divider.default\">\n\t\t\t\t<div class=\"elementor-widget-container\">\n\t\t\t\t\t\t\t<div class=\"elementor-divider\">\n\t\t\t<span class=\"elementor-divider-separator\">\n\t\t\t\t\t\t\t<span class=\"elementor-divider__text elementor-divider__element\">\n\t\t\t\tInformations compl\u00e9mentaires\t\t\t\t<\/span>\n\t\t\t\t\t\t<\/span>\n\t\t<\/div>\n\t\t\t\t\t\t<\/div>\n\t\t\t\t<\/div>\n\t\t\t\t\t<\/div>\n\t\t\t\t<\/div>\n\t\t<div class=\"elementor-element elementor-element-198bf58 e-grid e-con-boxed e-con e-parent\" data-id=\"198bf58\" data-element_type=\"container\" data-e-type=\"container\">\n\t\t\t\t\t<div class=\"e-con-inner\">\n\t\t\t\t<div class=\"elementor-element elementor-element-93cd096 elementor-widget elementor-widget-text-editor\" data-id=\"93cd096\" data-element_type=\"widget\" data-e-type=\"widget\" data-widget_type=\"text-editor.default\">\n\t\t\t\t<div class=\"elementor-widget-container\">\n\t\t\t\t\t\t\t\t\t<p style=\"text-align: center;\"><span style=\"font-size: 14px; color: #000000; letter-spacing: 0px; text-align: var(--text-align);\">Les accompagnements individuels sont effectu\u00e9s en distanciel (visioconf\u00e9rence) ou en pr\u00e9sentiel sur Versailles et aux alentours (\u00e0 domicile, sur votre lieu d&rsquo;entrainement,&#8230;), avec une flexibilit\u00e9, 7j\/7, pour m&rsquo;adapter au mieux \u00e0 votre emploi du temps.<\/span><\/p>\n<p style=\"text-align: center;\"><span style=\"font-size: 14px; color: #000000; letter-spacing: 0px; text-align: var(--text-align);\">En fonction de vos besoins, je me d\u00e9place \u00e9galement dans toute l&rsquo;Ile-de-France et la France. Dans ce cas, des frais suppl\u00e9mentaires pourront \u00eatre appliqu\u00e9s selon les distances et les temps de d\u00e9placement.<\/span><\/p>\n<p style=\"text-align: center;\"><span style=\"font-size: 14px; color: #000000; letter-spacing: 0px; text-align: var(--text-align);\">J&rsquo;anime \u00e9galement, sur demande, des ateliers de pr\u00e9paration mentale aupr\u00e8s de collectifs dans l&rsquo;enceinte de vos clubs, p\u00f4les de performance, lieux de stage ou dans les locaux de votre entreprise.<\/span><\/p>\t\t\t\t\t\t\t\t<\/div>\n\t\t\t\t<\/div>\n\t\t\t\t<div class=\"elementor-element elementor-element-af21070 elementor-widget elementor-widget-image\" data-id=\"af21070\" data-element_type=\"widget\" data-e-type=\"widget\" data-widget_type=\"image.default\">\n\t\t\t\t<div class=\"elementor-widget-container\">\n\t\t\t\t\t\t\t\t\t\t\t\t\t\t\t<img fetchpriority=\"high\" decoding=\"async\" width=\"240\" height=\"300\" src=\"https:\/\/laurefuric.com\/wp-content\/uploads\/2025\/08\/Photo2-240x300.jpg\" class=\"attachment-medium size-medium wp-image-2016\" alt=\"\" srcset=\"https:\/\/laurefuric.com\/wp-content\/uploads\/2025\/08\/Photo2-240x300.jpg 240w, https:\/\/laurefuric.com\/wp-content\/uploads\/2025\/08\/Photo2-819x1024.jpg 819w, https:\/\/laurefuric.com\/wp-content\/uploads\/2025\/08\/Photo2-768x960.jpg 768w, https:\/\/laurefuric.com\/wp-content\/uploads\/2025\/08\/Photo2-1229x1536.jpg 1229w, https:\/\/laurefuric.com\/wp-content\/uploads\/2025\/08\/Photo2-1639x2048.jpg 1639w, https:\/\/laurefuric.com\/wp-content\/uploads\/2025\/08\/Photo2-scaled.jpg 2048w\" sizes=\"(max-width: 240px) 100vw, 240px\" \/>\t\t\t\t\t\t\t\t\t\t\t\t\t\t\t<\/div>\n\t\t\t\t<\/div>\n\t\t\t\t\t<\/div>\n\t\t\t\t<\/div>\n\t\t\t\t<\/div>\n\t\t","protected":false},"excerpt":{"rendered":"<p>Laure FuricT\u00e9l\u00e9phone : 06.85.83.43.46laure.furic@outlook.com Linkedin Instagram Envelope Vous avez une question ? Vous souhaitez me parler de votre projet ou celui de votre enfant ? N&rsquo;h\u00e9sitez pas \u00e0 me contacter via le formulaire ci-dessous ou directement par mail.\u00a0Je me ferai un plaisir de vous r\u00e9pondre et de vous proposer un premier \u00e9change t\u00e9l\u00e9phonique offert. Une <a class=\"read-more\" href=\"https:\/\/laurefuric.com\/index.php\/contact\/\">READ MORE<\/a><\/p>\n","protected":false},"author":1,"featured_media":0,"parent":0,"menu_order":5,"comment_status":"closed","ping_status":"closed","template":"","meta":{"footnotes":""},"class_list":["post-155","page","type-page","status-publish","hentry"],"_links":{"self":[{"href":"https:\/\/laurefuric.com\/index.php\/wp-json\/wp\/v2\/pages\/155","targetHints":{"allow":["GET"]}}],"collection":[{"href":"https:\/\/laurefuric.com\/index.php\/wp-json\/wp\/v2\/pages"}],"about":[{"href":"https:\/\/laurefuric.com\/index.php\/wp-json\/wp\/v2\/types\/page"}],"author":[{"embeddable":true,"href":"https:\/\/laurefuric.com\/index.php\/wp-json\/wp\/v2\/users\/1"}],"replies":[{"embeddable":true,"href":"https:\/\/laurefuric.com\/index.php\/wp-json\/wp\/v2\/comments?post=155"}],"version-history":[{"count":324,"href":"https:\/\/laurefuric.com\/index.php\/wp-json\/wp\/v2\/pages\/155\/revisions"}],"predecessor-version":[{"id":2190,"href":"https:\/\/laurefuric.com\/index.php\/wp-json\/wp\/v2\/pages\/155\/revisions\/2190"}],"wp:attachment":[{"href":"https:\/\/laurefuric.com\/index.php\/wp-json\/wp\/v2\/media?parent=155"}],"curies":[{"name":"wp","href":"https:\/\/api.w.org\/{rel}","templated":true}]}}